en 167 is divided by h.
41
Suppose 14 + 226 = 5*x. Let y = -27 + x. Let s(o) = -12*o - 1. What is the remainder when y is divided by s(-1)?
10
Let k = -7 + 10. Let r(h) = h + 14. Let q be r(-10). Suppose 4*m - 7 - 61 = -4*j, -q*j - k*m = -73. Calculate the remainder when j is divided by 8.
6
Let s = -7 - -12. Let b = -228 + 246. What is the remainder when b is divided by s?
3
Suppose -5*i = 11 + 19. Calculate the remainder when 44 is divided by 88/6 + i/(-18).
14
Let a(w) = -w**2 + 7*w - 5. What is the remainder when 18 is divided by a(2)?
3
Let n = -20 + 51. Let g = 145 + -53. Calculate the remainder when g is divided by n.
30
Let q(w) = w + 9. Calculate the remainder when q(11) is divided by 11.
9
Suppose -2*i - 5*q = 2*i - 189, 5*i + q - 210 = 0. Suppose 8*o - 134 - 34 = 0. Calculate the remainder when i is divided by o.
20
Let j(u) = -u**3 + 2*u**2 - 1. Let k be j(2). What is the remainder when 29 is divided by (60/(-8))/(k/2)?
14
Let c(g) = -3*g - 22. Calculate the remainder when 22 is divided by c(-9).
2
Let j(i) = -12*i - 4. Let g(b) = -b**3 - 6*b**2 + 4*b - 10. Let v(h) = -h**3 + 8*h**2 - 7. Let l be v(8). Calculate the remainder when j(-3) is divided by g(l).
10
Let v(d) = d**3 + 7*d**2 - 29*d + 20. Calculate the remainder when 209 is divided by v(-10).
9
Let b(s) = 2*s**2 - 6*s + 4. Calculate the remainder when b(6) is divided by 14.
12
Suppose 0 = o - 4*o. Suppose 2*l - 52 - 42 = o. Calculate the remainder when l is divided by 12.
11
Let v(b) = 3*b - 1. Let d = 21 - -28. Let q = d - 28. Calculate the remainder when q is divided by v(4).
10
Suppose -3 = t - 7. Let f = 8 + -5. What is the remainder when t is divided by f?
1
Calculate the remainder when (-1 - -3)/(-1) - -10 is divided by 5.
3
Let g be 4/(-3)*(-4 - -1). Suppose -q = 3*n - 0*q - 12, -g*q - 12 = 0. Suppose -n*t + 99 = -146. What is the remainder when t is divided by 13?
10
Let x(t) = -t**2 - 12*t + 6. What is the remainder when 77 is divided by x(-10)?
25
Suppose -40*n = -45*n + 225. Calculate the remainder when 88 is divided by n.
43
Let u be (-8)/(-28) + 24/14. Suppose -2*d + 28 = u*d. What is the remainder when 29 is divided by (-2 - 0) + d + 3?
5
Suppose 2*g = g - 5*l + 29, 5*g + 4*l - 40 = 0. Suppose 5*b + 2 = -g*r + 5, -r + 7 = -5*b. Calculate the remainder when 4 is divided by r.
0
Suppose 7*c - 22 = 13. What is the remainder when 10 is divided by c?
0
Let t(c) be the first derivative of -c**2/2 + 8*c - 2. Let r be t(7). Suppose 0 = -g + 2 + r. Calculate the remainder when 4 is divided by g.
1
Suppose -3*j = -u + 2*j - 9, -2*j + 8 = 0. Let l = 22 - u. Let y(c) = 2*c**2 - 7*c + 6. Calculate the remainder when y(5) is divided by l.
10
Suppose 25 = -8*p + 185. Let v = -195 - -90. Calculate the remainder when p is divided by 2/(-3) + v/(-9).
9
Let x(g) = g + 4. Let l be x(-4). Suppose 5*w = -6*h + 3*h + 68, l = -h + 5*w + 16. What is the remainder when h is divided by 11?
10
Let t(a) = 3*a**2 + a + 1. Let i(z) = -2*z + 3. What is the remainder when t(-3) is divided by i(-3)?
7
Suppose 0*i - 26 = d + i, 3*d + 78 = 3*i. Let p = -15 - d. What is the remainder when p is divided by 80/14 + 2/7?
5
Suppose -3*z - 4*u = -86, -u = 2*u - 15. What is the remainder when z is divided by 11?
0
Suppose 5 = 2*o - 3. Calculate the remainder when 46 is divided by o.
2
Let z be -2 + (1 - -2 - -2). Suppose -5*x = -3*q - 0*q - 199, -z*q + 6 = 0. What is the remainder when x is divided by 14?
13
Let l(c) = c**3 - c**2 + c - 1. Let k(d) = 4*d**3 - 14*d**2 + 3*d + 6. Let i(o) = -k(o) + 5*l(o). What is the remainder when i(-8) is divided by 13?
11
Suppose -c + 1 = 3*b, 3*c = -11 - 4. Suppose 0*k = -b*k + 6. Suppose 5*o - 3*f = 55, k*f = -10 - 5. What is the remainder when 15 is divided by o?
7
Let c(a) = a**2 + 8*a + 6. Let g be (0 - 4)/((-6)/(-12)). What is the remainder when 22 is divided by c(g)?
4
Suppose 2*f - b - 4 - 11 = 0, 3*f = -2*b + 12. Suppose -f = -l + 7. Calculate the remainder when 49 is divided by l.
10
Let s = -1 + 0. Let k = s - 1. What is the remainder when 25 - (0 + k)*1 is divided by 14?
13
Let b(i) = -43*i - 7. Calculate the remainder when b(-2) is divided by 9.
7
Let h = 60 + -2. Calculate the remainder when h is divided by 20.
18
Let v(s) = 2*s**2 - 13*s + 27. What is the remainder when v(12) is divided by 54?
51
Let j(g) = -g + 9. Let k be j(7). Let y be k*(-1 - 7/(-2)). Suppose 4*n = -n + y, -2*s - n + 21 = 0. What is the remainder when s is divided by 6?
4
Suppose 7 = 3*z + 4*l, 3*l = 5*z + 6*l - 30. What is the remainder when z is divided by 5?
4
Let z(k) = k**2 + 11*k - 8. Calculate the remainder when z(7) is divided by 30.
28
Let i(q) be the first derivative of -3*q**2 - 3*q - 1. Let y be i(-7). Suppose -13 - y = -4*h. Calculate the remainder when 50 is divided by h.
11
Suppose 0 = -z + 5*z - 2*b - 42, 3*b = -2*z + 1. Calculate the remainder when 2/(1 + (-19)/21) is divided by z.
5
Let r(l) = -l + 2. Let y be r(0). Suppose 6 = 4*k - y, -5*b + 81 = -2*k. Calculate the remainder when 48 is divided by b.
14
Let u(a) be the third derivative of a**4/24 - a**3/2 + 4*a**2. What is the remainder when u(5) is divided by 1?
0
Let p be (2 + -8)/(1 - 2). Let u = p - -14. What is the remainder when 37 is divided by u?
17
Let j = 38 - 18. Calculate the remainder when 78 is divided by j.
18
Suppose -2*u + 11 - 3 = 0. Suppose -u*l + 9 = -83. What is the remainder when l is divided by 8?
7
Suppose 4*p - 84 = -5*k, -2*p - 2*k + 6*k = -68. Calculate the remainder when p is divided by 14.
12
Suppose 5*v - 6*v + q = -32, 4*q = 5*v - 156. What is the remainder when 109 is divided by v?
25
Suppose 0 = -5*s - 7 + 42. Suppose s*j - 25 = 2*j. Suppose 5*a = -0*v + v + 77, j*v - 95 = -5*a. Calculate the remainder when 61 is divided by a.
13
Calculate the remainder when 49 is divided by (2/(-1))/((-2)/13).
10
Suppose -2*s + 15 - 5 = l, -4*s = 4*l - 12. Let q = -4 + s. What is the remainder when 7 + -1 - (1 + 0) is divided by q?
2
Suppose -4*g - h + 75 = -4*h, 0 = g - 5*h - 6. Calculate the remainder when g is divided by 5/40 - 47/(-8).
3
Let n = -118 - -197. Calculate the remainder when n is divided by 21.
16
Suppose -q = 3*b - 8, -5*q + 134 = 4*b + 50. What is the remainder when 59 is divided by q?
19
Suppose 0 = 3*n + 4*f - 2, 0*f + 16 = -3*n + 5*f. Calculate the remainder when 11 is divided by (-36)/(-8) - n/(-4).
3
Suppose -3*a = 2*b - 150 + 14, 0 = 3*b - 6. Suppose 5*o = o + a. Let u(j) = 6*j**2 - j - 1. Calculate the remainder when u(2) is divided by o.
10
Suppose -2*n - 66 - 4 = -4*g, 0 = -g + 3*n + 20. Suppose 6 = w - 0. What is the remainder when g is divided by w?
5
Suppose -3*l = h - 49, 5*l - 2*h = -7*h + 65. Let f = 27 - l. Calculate the remainder when 17 is divided by f.
8
Suppose -m = -0*m + 11. Let c(x) be the third derivative of x**4/24 + 5*x**3/2 - x**2. Calculate the remainder when 11 is divided by c(m).
3
Let k = 72 + -26. Calculate the remainder when k is divided by 8.
6
Suppose 0 = -4*h - h. Suppose h = -p - 3*p + 12. Calculate the remainder when 8 is divided by p.
2
Suppose -5*q + 15 = 4*l, 2*q - 5*l - 6 = -0. Suppose -q*b - b = -76. Calculate the remainder when 55 is divided by b.
17
Suppose 4*b - 201 = -3*f, 26 = b - 5*f - 53. Calculate the remainder when b is divided by 19.
16
Suppose -2*f - 3*x + 123 = 0, 2*f + x - 6*x = 147. Calculate the remainder when f is divided by 17.
15
Let v be (-36)/(-15) + 2/(-5). Suppose 0 = -4*w - v*a, -a - 6 = -w + 6*w. Let h = w + 7. Calculate the remainder when 14 is divided by h.
4
Let v be ((-24)/(-20))/((-3)/(-15)). Calculate the remainder when 373/v + 2/(-12) is divided by 21.
20
Calculate the remainder when (-1)/(-1)*2/(8/156) is divided by 5.
4
Let r(c) = 7*c + 4. Let i = 45 - 1. Suppose -4*d = 4*z - 12 - i, -4*z + d = -31. What is the remainder when r(3) is divided by z?
7
Let i(b) = b - 3. Let z be i(6). Suppose 2*o = r + r - 4, 12 = z*o. Suppose 0 = -3*s + 30. What is the remainder when s is divided by r?
4
Suppose 0 = -2*a + 103 - 39. Calculate the remainder when 127 is divided by a.
31
Suppose 28 = 4*d + 2*x, 0*d = 5*d - 3*x - 46. What is the remainder when 15 is divided by d?
7
Calculate the remainder when (-10)/(-45) + (-669)/(-27) is divided by 14.
11
Calculate the remainder when (-42)/2*(4 + -7) is divided by 22.
1